{"id":587,"date":"2026-03-23T10:31:00","date_gmt":"2026-03-23T10:31:00","guid":{"rendered":"https:\/\/www.siracusaannunci.it\/rccollection\/?page_id=587"},"modified":"2026-03-23T10:49:28","modified_gmt":"2026-03-23T10:49:28","slug":"faq","status":"publish","type":"page","link":"https:\/\/www.rccollection.it\/index.php\/faq\/","title":{"rendered":"Privacy"},"content":{"rendered":"\t\t<div data-elementor-type=\"wp-page\" data-elementor-id=\"587\" class=\"elementor elementor-587\" data-elementor-post-type=\"page\">\n\t\t\t\t<div class=\"elementor-element elementor-element-38838e4 e-flex e-con-boxed e-con e-parent\" data-id=\"38838e4\" data-element_type=\"container\" data-e-type=\"container\">\n\t\t\t\t\t<div class=\"e-con-inner\">\n\t\t\t\t<div class=\"elementor-element elementor-element-e1a9445 elementor-widget elementor-widget-heading\" data-id=\"e1a9445\" data-element_type=\"widget\" data-e-type=\"widget\" data-widget_type=\"heading.default\">\n\t\t\t\t\t<h2 class=\"elementor-heading-title elementor-size-default\">Informativa sulla privacy<\/h2>\t\t\t\t<\/div>\n\t\t\t\t\t<\/div>\n\t\t\t\t<\/div>\n\t\t<div class=\"elementor-element elementor-element-6463a54 e-flex e-con-boxed e-con e-parent\" data-id=\"6463a54\" data-element_type=\"container\" data-e-type=\"container\">\n\t\t\t\t\t<div class=\"e-con-inner\">\n\t\t\t\t<div class=\"elementor-element elementor-element-d2c32e1 elementor-widget elementor-widget-text-editor\" data-id=\"d2c32e1\" data-element_type=\"widget\" data-e-type=\"widget\" data-widget_type=\"text-editor.default\">\n\t\t\t\t\t\t\t\t\t<p><strong>R.C. Collection S.r.l.<\/strong>, con sede legale in Catania, viale XX Settembre, 43 &#8211; (di seguito anche la &#8220;Societ\u00e0&#8221;), Titolare del trattamento ai sensi del Regolamento UE 679\/2016 (di seguito anche &#8220;<strong>GDPR<\/strong>&#8220;), La informa che i dati personali forniti, ovvero altrimenti acquisiti nel corso del rapporto, formeranno oggetto di operazioni d\u00ec trattamento nel rispetto della normativa sopracitata e degli obblighi di riservatezza cui \u00e8 ispirata l&#8217;attivit\u00e0 della nostra societ\u00e0.<br \/><br \/>In particolare, formeranno oggetto di trattamento, nell\u2019ambito delle nostra attivit\u00e0 di gestione e recupero dei crediti in conto terzi, i dati nominativi, anagrafici e di contatto, oltrech\u00e9 i dati contrattuali e negoziali forniti dai ns. clienti committenti. Analogamente, saranno oggetto di trattamento i dati altrimenti acquisiti presso gli interessati, in occasione dell\u2019esecuzione degli incarichi di recupero in conto terzi, i dati appresi tramite la consultazione di fonti terze (internet, elenchi e pubblici registri, istituti autorizzati ex art. 134 TULPS) oltre ai dati delle registrazioni telefoniche effettuate nel corso della attivit\u00e0 di recupero dei crediti in conto terzi.<\/p>\t\t\t\t\t\t\t\t<\/div>\n\t\t\t\t<div class=\"elementor-element elementor-element-ac2ee93 elementor-widget elementor-widget-heading\" data-id=\"ac2ee93\" data-element_type=\"widget\" data-e-type=\"widget\" data-widget_type=\"heading.default\">\n\t\t\t\t\t<h2 class=\"elementor-heading-title elementor-size-default\">1. FINALIT\u00c0<\/h2>\t\t\t\t<\/div>\n\t\t\t\t<div class=\"elementor-element elementor-element-bb65f2c elementor-widget elementor-widget-text-editor\" data-id=\"bb65f2c\" data-element_type=\"widget\" data-e-type=\"widget\" data-widget_type=\"text-editor.default\">\n\t\t\t\t\t\t\t\t\t<p>I Suoi dati personali verranno utilizzati per finalit\u00e0 relative all\u2019esecuzione e alla gestione del rapporto contrattuale con i nostri clienti committenti e, in particolare:<\/p><p>\u2022 per finalit\u00e0 connesse ad obblighi di legge o previste dai regolamenti o dalla normativa comunitaria;<br \/>\u2022 per la gestione ed esecuzione degli obblighi derivanti dal contratto concluso con il cliente committente;<br \/>\u2022 per il recupero dei crediti per conto dei nostri clienti committenti;<br \/>\u2022 per l\u2019eventuale elaborazione statistica ad esclusivo uso interno;<br \/>\u2022 per rispondere alle richieste di informazioni provenienti dalla Autorit\u00e0 Giudiziaria;<br \/>\u2022 per rispondere alle segnalazioni di reclamo o alle contestazione del credito inviate alla scrivente Societ\u00e0.<\/p><p>In relazione ai contatti telefonici, sia in uscita che in entrata, \u00e8 possibile che questi vengano registrati esclusivamente al fine di:<\/p><p>\u2022 tutelare il nostro personale e il patrimonio aziendale da eventuali danni che potrebbero derivare in caso di contestazioni in merito ai contatti effettuati;<br \/>\u2022 predisporre uno strumento utile per consentire il miglioramento delle competenze professionali del nostro personale;<br \/>\u2022 consentire al nostro ufficio legale di rispondere alle richieste dell\u2019Autorit\u00e0 Giudiziaria;<br \/>\u2022 controllare la qualit\u00e0 del servizio reso ai nostri clienti committenti.<\/p>\t\t\t\t\t\t\t\t<\/div>\n\t\t\t\t<div class=\"elementor-element elementor-element-2a97077 elementor-widget elementor-widget-heading\" data-id=\"2a97077\" data-element_type=\"widget\" data-e-type=\"widget\" data-widget_type=\"heading.default\">\n\t\t\t\t\t<h2 class=\"elementor-heading-title elementor-size-default\">2. MODALIT\u00c0 DI TRATTAMENTO<\/h2>\t\t\t\t<\/div>\n\t\t\t\t<div class=\"elementor-element elementor-element-31c4184 elementor-widget elementor-widget-text-editor\" data-id=\"31c4184\" data-element_type=\"widget\" data-e-type=\"widget\" data-widget_type=\"text-editor.default\">\n\t\t\t\t\t\t\t\t\t<p>I dati potranno essere acquisiti:<br \/>\u2022 attraverso la comunicazione diretta da parte dei ns. clienti committenti, a cui l\u2019interessato, in fase di stipula del contratto che origina il diritto di credito, abbia prestato il proprio consenso al trattamento;<br \/>\u2022 direttamente presso l\u2019interessato;<br \/>\u2022 tramite la consultazione di fonti terze (come, ad es., pubblici registri, elenchi, atti o documenti conoscibili da chiunque; web; ecc.);<br \/>\u2022 tramite la registrazione audio delle chiamate per le finalit\u00e0 di cui sopra.<br \/>Una volta acquisiti, i Suoi dati saranno trattati da dipendenti e\/o collaboratori della scrivente Societ\u00e0, nominati Responsabili e\/o Incaricati delle operazioni trattamento, con strumenti informatici e manuali idonei a garantirne la sicurezza e la riservatezza e, in ogni caso, non saranno soggetti a diffusione.<\/p><p>Per il perseguimento delle finalit\u00e0 sopra indicate, la Societ\u00e0 tratter\u00e0 i Suoi dati personali (ad es. dati anagrafici, numero di telefono e fax, partita IVA, codice fiscale, indirizzo di posta elettronica) ai sensi dell\u2019art. 6 del GDPR, relativamente a quanto ivi previsto in ordine al trattamento di dati personali su basi di legittimit\u00e0 diverse dal consenso.<\/p><p>Vi invitiamo a comunicarci tempestivamente eventuali variazioni dei Vostri dati al fine di tenerli sempre aggiornati nei nostri archivi.<\/p>\t\t\t\t\t\t\t\t<\/div>\n\t\t\t\t<div class=\"elementor-element elementor-element-5f0f791 elementor-widget elementor-widget-heading\" data-id=\"5f0f791\" data-element_type=\"widget\" data-e-type=\"widget\" data-widget_type=\"heading.default\">\n\t\t\t\t\t<h2 class=\"elementor-heading-title elementor-size-default\">3. CONFERIMENTO<\/h2>\t\t\t\t<\/div>\n\t\t\t\t<div class=\"elementor-element elementor-element-d1e30c2 elementor-widget elementor-widget-text-editor\" data-id=\"d1e30c2\" data-element_type=\"widget\" data-e-type=\"widget\" data-widget_type=\"text-editor.default\">\n\t\t\t\t\t\t\t\t\t<p>Il conferimento dei Suoi dati \u00e8 strettamente necessario ai fini dell&#8217;esecuzione e della corretta gestione del rapporto contrattuale con i nostri clienti committenti ed \u00e8, altres\u00ec, obbligatorio per l&#8217;adempimento degli obblighi previsti dalla legge.<br \/>Pertanto, il mancato conferimento degli stessi comporta l&#8217;impossibilit\u00e0 di eseguire e\/o di concludere il mandato affidatoci.<\/p>\t\t\t\t\t\t\t\t<\/div>\n\t\t\t\t<div class=\"elementor-element elementor-element-a54c407 elementor-widget elementor-widget-heading\" data-id=\"a54c407\" data-element_type=\"widget\" data-e-type=\"widget\" data-widget_type=\"heading.default\">\n\t\t\t\t\t<h2 class=\"elementor-heading-title elementor-size-default\">4. COMUNICAZIONE<\/h2>\t\t\t\t<\/div>\n\t\t\t\t<div class=\"elementor-element elementor-element-66a3cf9 elementor-widget elementor-widget-text-editor\" data-id=\"66a3cf9\" data-element_type=\"widget\" data-e-type=\"widget\" data-widget_type=\"text-editor.default\">\n\t\t\t\t\t\t\t\t\t<p>Nei limiti pertinenti alle finalit\u00e0 di trattamento sopra indicate, i Suoi dati potranno essere comunicati ai nostri clienti committenti, ad istituti di credito, a societ\u00e0 di servizi autorizzate dalla legge, ad agenti e societ\u00e0 di recupero crediti con apposita licenza, ad assicurazioni, consulenti ed enti di certificazione, a liberi professionisti, a fornitori ed appaltatori della scrivente Societ\u00e0, nonch\u00e9 alle competenti autorit\u00e0 pubbliche (ad es. Prefettura, Questura, Forze dell&#8217;Ordine, Carabinieri, Vigili del Fuoco) per gli adempimenti previsti dalla legge.<\/p>\t\t\t\t\t\t\t\t<\/div>\n\t\t\t\t<div class=\"elementor-element elementor-element-be7e5ca elementor-widget elementor-widget-heading\" data-id=\"be7e5ca\" data-element_type=\"widget\" data-e-type=\"widget\" data-widget_type=\"heading.default\">\n\t\t\t\t\t<h2 class=\"elementor-heading-title elementor-size-default\">5. DIRITTI DELL\u2019INTERESSATO<\/h2>\t\t\t\t<\/div>\n\t\t\t\t<div class=\"elementor-element elementor-element-c8d07ac elementor-widget elementor-widget-text-editor\" data-id=\"c8d07ac\" data-element_type=\"widget\" data-e-type=\"widget\" data-widget_type=\"text-editor.default\">\n\t\t\t\t\t\t\t\t\t<p>La informiamo che la Legge Le riconosce i diritti di cui e agli artt. 15<sup>1<\/sup> , 16, 17, 18, 20 e 21 del GDPR (ad es. di ottenere la conferma dell&#8217;esistenza o meno dei propri dati, la cancellazione dei dati trattati in<\/p><p><sup>1<\/sup>Ai sensi dell\u2019art. 15 del Regolamento Europeo 679\/2016:<br \/>1. L\u2019interessato ha il diritto di ottenere dal titolare del trattamento la conferma che sia o meno in corso un trattamento di dati personali che lo riguardano e in tal caso, di ottenere l\u2019accesso ai dati personali e alle seguenti informazioni:<br \/>a) le finalit\u00e0 del trattamento;<br \/>b) le categorie di dati personali in questione;<br \/>c) i destinatari o le categorie di destinatari a cui i dati personali sono stati o saranno comunicati, in particolare se destinatari di paesi terzi o organizzazioni internazionali;<br \/>d) quando possibile, il periodo di conservazione dei dati personali previsto oppure, se non \u00e8 possibile, i criteri utilizzati per determinare tale periodo;<br \/>e) l\u2019esistenza del diritto dell\u2019interessato di chiedere al titolare del trattamento la rettifica o la cancellazione dei dati personali o la limitazione del trattamento dei dati personali<br \/>f) il diritto di proporre reclamo a un\u2019autorit\u00e0 di controllo;<br \/>g) qualora i dati non siano raccolti presso l\u2019interessato, tutte le informazioni disponibili sulla loro origine;<br \/>h) l\u2019esistenza di un processo decisionale automatizzato, compresa la profilazione di cui all\u2019articolo 22, paragrafi 1 e 4, e, almeno in tali casi, informazioni significative sulla logica utilizzata, nonch\u00e9 l\u2019importanza e le conseguenze previste di tale trattamento per l\u2019interessato.<br \/>2. Qualora i dati personali siano trasferiti a un paese terzo o a un\u2019organizzazione internazionale, l\u2019interessato ha il diritto di essere informato dell\u2019esistenza di garanzie adeguate ai sensi dell\u2019articolo 46 relative al trasferimento.<br \/>3. Il titolare del trattamento fornisce una copia dei dati personali oggetto di trattamento.<br \/>In caso di ulteriori copie richieste dall\u2019interessato, il titolare del trattamento pu\u00f2 addebitare un contributo spese ragionevole basato sui costi amministrativi. Se l\u2019interessato presenta la richiesta mediante mezzi elettronici, e salvo indicazione diversa dell\u2019interessato, le informazioni sono fornite in un formato elettronico di uso comune.<br \/>4. Il diritto di ottenere una copia di cui al paragrafo 3 non deve ledere i diritti e le libert\u00e0 altrui<\/p><p>in violazione di legge, l&#8217;opposizione per motivi legittimi al loro utilizzo) e del Cap. III \u2013 art. 2 undecies del D. Lgs. 101\/2018 e che potr\u00e0 esercitare tali diritti scrivendo al Titolare o al Responsabile del trattamento utilizzando il seguente indirizzo di posta elettronica:<br \/>\u2022\u00a0\u00a0 \u00a0<a href=\"mailto:privacy@rccollection.it\">privacy@rccollection.it<\/a><\/p><p>Nei casi e nei limiti previsti dalla Legge, potr\u00e0, comunque, revocare successivamente e in ogni momento il consenso prestato al trattamento dei suoi dati rivolgendosi al Titolare o al Responsabile del trattamento.<\/p><p>La informiamo, inoltre, che all\u2019interno della nostra Societ\u00e0 \u00e8 presente l\u2019ufficio DPO (Data Protection Officer) a cui possono essere comunicate eventuali violazioni e\/o l\u2019utilizzo improprio dei suoi dati.<br \/>Eventuali richieste e comunicazioni possono essere inviate al seguente indirizzo di posta elettronica:<br \/>\u2022\u00a0\u00a0 \u00a0<a href=\"mailto:dpo@rccollection.it\">dpo@rccollection.it<\/a><\/p><p>La informiamo, inoltre, che ove ritenesse violati i diritti di cui sopra, la vigente normativa Le consente di presentare reclamo direttamente presso l\u2019Autorit\u00e0 competente.<\/p>\t\t\t\t\t\t\t\t<\/div>\n\t\t\t\t<div class=\"elementor-element elementor-element-3d7f5e1 elementor-widget elementor-widget-heading\" data-id=\"3d7f5e1\" data-element_type=\"widget\" data-e-type=\"widget\" data-widget_type=\"heading.default\">\n\t\t\t\t\t<h2 class=\"elementor-heading-title elementor-size-default\">6. CONSERVAZIONE DEL DATO<\/h2>\t\t\t\t<\/div>\n\t\t\t\t<div class=\"elementor-element elementor-element-fa11483 elementor-widget elementor-widget-text-editor\" data-id=\"fa11483\" data-element_type=\"widget\" data-e-type=\"widget\" data-widget_type=\"text-editor.default\">\n\t\t\t\t\t\t\t\t\t<p>Per quanto riguarda il periodo di conservazione dei dati, cos\u00ec come previsto dall\u2019art.15, comma 1, lettera d), gli stessi verranno conservati esclusivamente per consentire alla nostra Societ\u00e0 il corretto adempimento di obblighi di legge e per poter rendicontare, a richiesta del cliente committente o dell\u2019Autorit\u00e0 Pubblica, sulle attivit\u00e0 svolte.<br \/>In ogni caso, una volta terminato l\u2019incarico, i dati relativi al rapporto obbligatorio di cui era parte l\u2019interessato vengono sottratti alla disponibilit\u00e0 degli incaricati cui non \u00e8 consentita alcuna ulteriore consultazione.<\/p>\t\t\t\t\t\t\t\t<\/div>\n\t\t\t\t\t<\/div>\n\t\t\t\t<\/div>\n\t\t\t\t<\/div>\n\t\t","protected":false},"excerpt":{"rendered":"<p>Informativa sulla privacy R.C. Collection S.r.l., con sede legale in Catania, viale XX Settembre, 43 &#8211; (di seguito anche la &#8220;Societ\u00e0&#8221;), Titolare del trattamento ai sensi del Regolamento UE 679\/2016 (di seguito anche &#8220;GDPR&#8220;), La informa che i dati personali forniti, ovvero altrimenti acquisiti nel corso del rapporto, formeranno oggetto di operazioni d\u00ec trattamento nel [&hellip;]<\/p>\n","protected":false},"author":1,"featured_media":0,"parent":0,"menu_order":0,"comment_status":"closed","ping_status":"closed","template":"","meta":{"footnotes":""},"class_list":["post-587","page","type-page","status-publish","hentry"],"yoast_head":"<!-- This site is optimized with the Yoast SEO plugin v27.0 - https:\/\/yoast.com\/product\/yoast-seo-wordpress\/ -->\n<title>Privacy - Rc Collections<\/title>\n<meta name=\"robots\" content=\"index, follow, max-snippet:-1, max-image-preview:large, max-video-preview:-1\" \/>\n<link rel=\"canonical\" href=\"https:\/\/www.rccollection.it\/index.php\/faq\/\" \/>\n<meta property=\"og:locale\" content=\"it_IT\" \/>\n<meta property=\"og:type\" content=\"article\" \/>\n<meta property=\"og:title\" content=\"Privacy - Rc Collections\" \/>\n<meta property=\"og:description\" content=\"Informativa sulla privacy R.C. Collection S.r.l., con sede legale in Catania, viale XX Settembre, 43 &#8211; (di seguito anche la &#8220;Societ\u00e0&#8221;), Titolare del trattamento ai sensi del Regolamento UE 679\/2016 (di seguito anche &#8220;GDPR&#8220;), La informa che i dati personali forniti, ovvero altrimenti acquisiti nel corso del rapporto, formeranno oggetto di operazioni d\u00ec trattamento nel [&hellip;]\" \/>\n<meta property=\"og:url\" content=\"https:\/\/www.rccollection.it\/index.php\/faq\/\" \/>\n<meta property=\"og:site_name\" content=\"Rc Collections\" \/>\n<meta property=\"article:modified_time\" content=\"2026-03-23T10:49:28+00:00\" \/>\n<meta name=\"twitter:card\" content=\"summary_large_image\" \/>\n<meta name=\"twitter:label1\" content=\"Tempo di lettura stimato\" \/>\n\t<meta name=\"twitter:data1\" content=\"7 minuti\" \/>\n<script type=\"application\/ld+json\" class=\"yoast-schema-graph\">{\"@context\":\"https:\/\/schema.org\",\"@graph\":[{\"@type\":\"WebPage\",\"@id\":\"https:\/\/www.rccollection.it\/index.php\/faq\/\",\"url\":\"https:\/\/www.rccollection.it\/index.php\/faq\/\",\"name\":\"Privacy - Rc Collections\",\"isPartOf\":{\"@id\":\"https:\/\/www.rccollection.it\/#website\"},\"datePublished\":\"2026-03-23T10:31:00+00:00\",\"dateModified\":\"2026-03-23T10:49:28+00:00\",\"breadcrumb\":{\"@id\":\"https:\/\/www.rccollection.it\/index.php\/faq\/#breadcrumb\"},\"inLanguage\":\"it-IT\",\"potentialAction\":[{\"@type\":\"ReadAction\",\"target\":[\"https:\/\/www.rccollection.it\/index.php\/faq\/\"]}]},{\"@type\":\"BreadcrumbList\",\"@id\":\"https:\/\/www.rccollection.it\/index.php\/faq\/#breadcrumb\",\"itemListElement\":[{\"@type\":\"ListItem\",\"position\":1,\"name\":\"Home\",\"item\":\"https:\/\/www.rccollection.it\/\"},{\"@type\":\"ListItem\",\"position\":2,\"name\":\"Privacy\"}]},{\"@type\":\"WebSite\",\"@id\":\"https:\/\/www.rccollection.it\/#website\",\"url\":\"https:\/\/www.rccollection.it\/\",\"name\":\"Rc Collections\",\"description\":\"\",\"potentialAction\":[{\"@type\":\"SearchAction\",\"target\":{\"@type\":\"EntryPoint\",\"urlTemplate\":\"https:\/\/www.rccollection.it\/?s={search_term_string}\"},\"query-input\":{\"@type\":\"PropertyValueSpecification\",\"valueRequired\":true,\"valueName\":\"search_term_string\"}}],\"inLanguage\":\"it-IT\"}]}<\/script>\n<!-- \/ Yoast SEO plugin. -->","yoast_head_json":{"title":"Privacy - Rc Collections","robots":{"index":"index","follow":"follow","max-snippet":"max-snippet:-1","max-image-preview":"max-image-preview:large","max-video-preview":"max-video-preview:-1"},"canonical":"https:\/\/www.rccollection.it\/index.php\/faq\/","og_locale":"it_IT","og_type":"article","og_title":"Privacy - Rc Collections","og_description":"Informativa sulla privacy R.C. Collection S.r.l., con sede legale in Catania, viale XX Settembre, 43 &#8211; (di seguito anche la &#8220;Societ\u00e0&#8221;), Titolare del trattamento ai sensi del Regolamento UE 679\/2016 (di seguito anche &#8220;GDPR&#8220;), La informa che i dati personali forniti, ovvero altrimenti acquisiti nel corso del rapporto, formeranno oggetto di operazioni d\u00ec trattamento nel [&hellip;]","og_url":"https:\/\/www.rccollection.it\/index.php\/faq\/","og_site_name":"Rc Collections","article_modified_time":"2026-03-23T10:49:28+00:00","twitter_card":"summary_large_image","twitter_misc":{"Tempo di lettura stimato":"7 minuti"},"schema":{"@context":"https:\/\/schema.org","@graph":[{"@type":"WebPage","@id":"https:\/\/www.rccollection.it\/index.php\/faq\/","url":"https:\/\/www.rccollection.it\/index.php\/faq\/","name":"Privacy - Rc Collections","isPartOf":{"@id":"https:\/\/www.rccollection.it\/#website"},"datePublished":"2026-03-23T10:31:00+00:00","dateModified":"2026-03-23T10:49:28+00:00","breadcrumb":{"@id":"https:\/\/www.rccollection.it\/index.php\/faq\/#breadcrumb"},"inLanguage":"it-IT","potentialAction":[{"@type":"ReadAction","target":["https:\/\/www.rccollection.it\/index.php\/faq\/"]}]},{"@type":"BreadcrumbList","@id":"https:\/\/www.rccollection.it\/index.php\/faq\/#breadcrumb","itemListElement":[{"@type":"ListItem","position":1,"name":"Home","item":"https:\/\/www.rccollection.it\/"},{"@type":"ListItem","position":2,"name":"Privacy"}]},{"@type":"WebSite","@id":"https:\/\/www.rccollection.it\/#website","url":"https:\/\/www.rccollection.it\/","name":"Rc Collections","description":"","potentialAction":[{"@type":"SearchAction","target":{"@type":"EntryPoint","urlTemplate":"https:\/\/www.rccollection.it\/?s={search_term_string}"},"query-input":{"@type":"PropertyValueSpecification","valueRequired":true,"valueName":"search_term_string"}}],"inLanguage":"it-IT"}]}},"_links":{"self":[{"href":"https:\/\/www.rccollection.it\/index.php\/wp-json\/wp\/v2\/pages\/587","targetHints":{"allow":["GET"]}}],"collection":[{"href":"https:\/\/www.rccollection.it\/index.php\/wp-json\/wp\/v2\/pages"}],"about":[{"href":"https:\/\/www.rccollection.it\/index.php\/wp-json\/wp\/v2\/types\/page"}],"author":[{"embeddable":true,"href":"https:\/\/www.rccollection.it\/index.php\/wp-json\/wp\/v2\/users\/1"}],"replies":[{"embeddable":true,"href":"https:\/\/www.rccollection.it\/index.php\/wp-json\/wp\/v2\/comments?post=587"}],"version-history":[{"count":13,"href":"https:\/\/www.rccollection.it\/index.php\/wp-json\/wp\/v2\/pages\/587\/revisions"}],"predecessor-version":[{"id":602,"href":"https:\/\/www.rccollection.it\/index.php\/wp-json\/wp\/v2\/pages\/587\/revisions\/602"}],"wp:attachment":[{"href":"https:\/\/www.rccollection.it\/index.php\/wp-json\/wp\/v2\/media?parent=587"}],"curies":[{"name":"wp","href":"https:\/\/api.w.org\/{rel}","templated":true}]}}